the greatest common divisor of 16 and u?
16
Let b be 1 - (-3 - -3) - -1. Let p be (b/((-6)/9))/(-1). Suppose 2*q - 71 = f + 2*f, -p*f - 15 = 0. Calculate the highest common factor of q and 42.
14
Suppose -2*t + 37 = 2*q - 3*q, -q + t - 33 = 0. Let v = q - -35. What is the greatest common divisor of v and 18?
6
Let b be 2 + 21 + (-12)/4. Suppose 6*q + b = 11*q. What is the highest common factor of 12 and q?
4
Let f(r) = -r**3 + 5*r**2 + 11. Let w be f(5). Let t(d) = -15*d - 2. Let y be t(-6). Calculate the highest common divisor of w and y.
11
Let j be (9 - (-7 - -10)) + 21. Calculate the greatest common factor of j and 963.
9
Suppose 24*i - 308 + 68 = 0. Let q(d) = -d - 1. Suppose 12 = a - 3*a. Let o be q(a). Calculate the highest common divisor of i and o.
5
Suppose s - 103 = 4*x, 0*s - 5*s + 15 = 0. Let l be 5/(x/(-9))*5. Suppose 0 = r - l - 9. What is the greatest common divisor of 2 and r?
2
Suppose -s + 5 = -7. Let c(p) = 2*p**2 - 2*p - 16. Let d be c(s). Suppose 4*k = 56 + d. Calculate the highest common divisor of k and 19.
19
Suppose 0*d = 2*h + d - 41, -5*d - 37 = -h. Let w be (-2 - 9*1)/((-11)/h). What is the highest common factor of w and 44?
22
Let g(h) = h**3 + 19*h**2 - 35*h - 36. Let c be g(-20). Calculate the greatest common factor of c and 6.
6
Let m = 1140 + -1134. Calculate the highest common factor of m and 33.
3
Suppose 0 = -0*q + 5*q - 440. Suppose 0*u + m = 5*u + 124, -3*u = -2*m + 80. Let g = 35 + u. Calculate the greatest common divisor of g and q.
11
Let p(l) = l**3 + 8*l**2 - 54*l + 29. Let f be p(5). What is the highest common divisor of 126 and f?
42
Suppose 0 = 24*s - 12*s - 396. What is the highest common factor of 99 and s?
33
Suppose -6*u = -9*u - 4*y + 176, 4*y - 56 = -u. What is the highest common divisor of u and 120?
60
Suppose 0*c = -c + 3*z + 20, 0 = 2*z - 10. What is the highest common factor of c and 5?
5
Let t(h) = 3*h + 10. Let j be t(-4). Let m be ((-2)/((-16)/(-52)))/(j/8). What is the greatest common factor of m and 208?
26
Let n be (-246)/41 - -3*16. What is the highest common divisor of 70 and n?
14
Let k be 2 + -6 - (0 + -6). Suppose -2*u = -g + 4, -g - 2*u + 16 = k*u. Let h = 72 + -48. Calculate the highest common divisor of h and g.
8
Let m be 1 + 2/(-2) - -134. Suppose 0*b - b + 1 = 0, -2*b - 6 = -4*q. Suppose -m - 350 = -q*h. What is the highest common divisor of h and 22?
22
Suppose 6*b - 8 = 76. Let p be 1160/(-14) - b/98. Let y = 123 + p. Calculate the greatest common divisor of y and 10.
10
Suppose 5 = 4*b - 19. Calculate the greatest common factor of 174 and b.
6
Let o(m) = m - 3. Let x be o(-9). Let g = x + 28. What is the greatest common divisor of 16 and g?
16
Let v = 7 - 5. Suppose p = -7*p + 48. What is the greatest common divisor of p and v?
2
Let t = 132 + -82. Let k = 9 + t. What is the greatest common factor of 236 and k?
59
Let d be -3 + 89/13 + (-2)/(-13). Calculate the greatest common factor of d and 3.
1
Suppose -4*b + 72 = 4*c, 3*b + 46 = -2*c + 4*c. Let q = 42 - c. What is the greatest common divisor of 11 and q?
11
Suppose 2*u - 240 = -3*u. Let s = -366 + 158. Let j = -196 - s. What is the highest common divisor of u and j?
12
Let t(n) = 3 - 15*n**2 - n**3 + 17*n + 19 + 1. Let z be t(-16). Suppose -70 = -5*j - 2*p + z*p, 4*p = -j - 6. What is the greatest common factor of j and 5?
5
Suppose -144 = -k - 2*d, -3*k = 11*d - 14*d - 405. Calculate the highest common factor of k and 345.
69
Let i(k) = k**2 + 11*k - 7. Let c be i(-12). Let z = -5 + c. Suppose z = j + j - 160. What is the highest common factor of j and 20?
20
Let x(l) = -4*l - 6. Let m(k) = 5*k + 5. Let h(i) = 3*m(i) + 4*x(i). Let d be h(-8). Let f = 4 - d. Calculate the greatest common divisor of f and 55.
5
Suppose 5*s - 91 = -3*z, -38 - 24 = -2*z - 4*s. Let v be (3 + -1)*z/6. Let o = 35 - v. What is the highest common factor of o and 26?
26
Let t be (1 + 6)*(-3 + (-123)/(-21)). What is the greatest common factor of t and 8?
4
Let t(q) = -13*q - 30. Let m be t(-6). What is the greatest common divisor of 32 and m?
16
Suppose -5*l - 64 = 11*r - 13*r, 4 = -l. Suppose -7*u = -3*u - 1592. Let g = u + -244. Calculate the greatest common factor of g and r.
22
Suppose 2*p - 3*p = -6. Let q be (3/p)/(1/4). Suppose -45 = -q*m + 39. What is the greatest common factor of m and 105?
21
Suppose -30*f - 3787 = -20107. Calculate the greatest common divisor of f and 170.
34
Suppose -4*v = v. Suppose y - 5*y + 12 = v. Suppose -y*k = g + 2*g - 129, -133 = -3*g - k. What is the greatest common divisor of 9 and g?
9
Let c(f) be the first derivative of f**3/3 + f**2/2 + 15*f + 2. Let t be c(0). Let i be 32 - (-1)/((-5)/10). Calculate the greatest common divisor of i and t.
15
Suppose 42*z + 3*z - 1080 = 0. What is the highest common divisor of z and 16?
8
Let p(r) = -3*r + 1. Let m be p(-1). Suppose -512 = m*x - 8*x. Suppose 301 + x = 3*o. What is the greatest common divisor of o and 13?
13
Suppose 9*j + 16*j - 11800 = 0. Calculate the highest common divisor of j and 8.
8
Let q = 41 + -39. Let b be (38 + -4)/(1/(1/q)). Calculate the greatest common factor of b and 153.
17
Let d = -10 - -1. Let o(x) = x + 13. Let h be o(d). Suppose -h - 56 = -3*i - 5*y, -4*y = -4*i + 48. What is the greatest common divisor of i and 30?
15
Let q be ((-8)/(-10))/(6/45). Suppose -6*x + 72 = -2*x. Suppose -o = -0*o - x. Calculate the highest common factor of o and q.
6
Suppose 0*w - 3*u - 45 = 5*w, -2 = w + 2*u. Let n be 1084/12 + 4/w. What is the greatest common factor of n and 10?
10
Let j = -1327 - -2015. What is the greatest common factor of j and 43?
43
Let o = 430 - 418. What is the highest common divisor of o and 276?
12
Let v = 15 + -10. Let o be (-12)/(-16)*2*102. Suppose 5*g - o = -w, -v*w + 18 = -3*g - 607. Calculate the greatest common divisor of 16 and w.
16
Let u = 103 - 78. Suppose 165 = 5*g + 2*x, 6*x + u = x. Suppose 0 = -3*q - 0*q + 2*z + 31, z + 40 = 5*q. What is the greatest common divisor of q and g?
7
Let d(w) be the second derivative of -11*w**3/6 + 13*w**2/2 - 28*w. Let v be d(-3). Calculate the greatest common factor of v and 23.
23
Let y be 3*(2892/(-126) + (-2)/(-7)). Let x be (-1420)/y - (-4)/34. What is the greatest common divisor of x and 189?
21
Let x be (-4)/8*(-1 + -13). Suppose 69*a + 331 = 1615 + 3063. Calculate the greatest common divisor of x and a.
7
Let g be ((3 + -3)*1)/2. Let y = 11 + g. Suppose 4*q - 5 = y. What is the greatest common factor of 8 and q?
4
Let j be (-37)/(-7) + 4/(-14). Let l be (-39)/117*3*-1. Calculate the highest common factor of l and j.
1
Let x(k) = 23*k**3 + 2*k**2 - 3*k + 2. Let p = -30 + 31. Let h be x(p). Calculate the greatest common factor of 16 and h.
8
Suppose -47 + 8 = -x - 2*z, -95 = -3*x + 5*z. Let b be ((-24)/(-18))/(12/126). Calculate the highest common factor of x and b.
7
Let s = 29 - 36. Let t(z) = -z + 11. Let o be t(s). What is the greatest common factor of o and 18?
18
Suppose -4*y + 0 = 4*r - 200, 0 = -2*r + y + 109. Suppose 0 = 2*m + 5*x - 51, -r - 6 = -2*m + 3*x. What is the highest common divisor of 70 and m?
14
Let g be 6/(-4)*(-8)/6. Suppose g*m + 4*x - 8 = 42, 0 = -5*m - 2*x + 85. What is the highest common factor of m and 75?
15
Let n be 132/21 + (-2)/7. Let a(m) = m**2 - 5*m - 2. Let d be a(n). Let q(l) = -4*l + 8. Let o be q(-9). Calculate the highest common divisor of d and o.
4
Let w(v) = -v**2 + 8*v - 3. Let q be w(6). Let o be -3*(3/q - 2). Suppose 0 = -2*i + 5*n + 39, 0*n + o = n. What is the highest common factor of 8 and i?
8
Suppose -4085 = -114*t + 1615. What is the highest common divisor of 20 and t?
10
Let q(z) = -3*z**3 - 4*z**2 - z + 2. Let p be q(-2). Let u(i) = -4 + 6*i - p*i - i + 0*i. Let s be u(-4). What is the highest common factor of s and 72?
24
Let a be (7 - 6) + 1420/5. What is the greatest common divisor of 15 and a?
15
Let f = 39 - 24. Suppose -16*w + f*w = -11. Calculate the highest common factor of w and 55.
11
Suppose 0 = -7*i - 12 + 33. Suppose -i*j = 4*g - 5*g + 177, -3*g + 571 = -j. What is the greatest common factor of g and 24?
24
Suppose l - 221 = 123. Calculate the highest common divisor of 40 and l.
8
Suppose 5*q + 83 - 10 = 4*p, -50 = -3*p - q. Let j = -5 + p. Let h = -25 + 43. What is the greatest common divisor of h and